
Let v(s) = 45272*s - 51 + 4*s**2 - 3*s**2 - 45271*s. Give v(7).
5
Suppose -47 = -5*i - 32. Let v(x) = 4 - 3 + 3*x + 7 - 1. Give v(i).
16
Let r(a) be the third derivative of a**4/24 - a**3/2 + 48*a**2. Let g be (-2)/(10/(-35)) + (3 - 3). What is r(g)?
4
Let l(f) = 39*f - 44*f - 330*f**2 - 7 + 331*f**2. What is l(4)?
-11
Let h(p) = p**3 - 13*p**2 - p + 16. Suppose c + 7*l = 6*l + 55, -2*l = -3*c + 190. Let z be (3*(-65)/c)/((-3)/12). Give h(z).
3
Let m(u) = -3*u**2 - 6*u - 12. Let g(a) = 7*a**2 + 11*a + 23. Let w(q) = 4*g(q) + 9*m(q). Let c = -512 - -524. What is w(c)?
8
Let f(c) be the first derivative of 7*c**2 - c - 2. Let z = -58 + 60. Suppose -l - 3 = 2*j, z*l + 0 = -2*j - 2. Give f(l).
13
Suppose 2*z + 3*z = -j + 9, -3 = -2*j + 5*z. Suppose -38 = j*f - 70. Let x(h) = -2*h + f + 0 - 7 - 4. Determine x(4).
-11
Suppose 3*u = -4 + 13. Suppose 5*c + a + 3 = 0, c = 3*c + a + u. Suppose c = -z - 4*z + 20. Let r(s) = -s**2 + 3*s + 1. Give r(z).
-3
Let q = 5703 - 5716. Let y(u) = -u**2 - 8*u - 12. Calculate y(q).
-77
Let m(r) = -153 - 149 - r**3 + 453 + 2*r + r**2 - 152. Let g(d) = -3*d**3 + 3*d**2 + 6*d - 2. Let a(z) = -3*g(z) + 8*m(z). Determine a(2).
-2
Let f(i) = 959*i**2 - 1 - 496*i**2 - 323*i**2 - i. Determine f(-1).
140
Suppose -6 = -2*d + 2. Let s = -8 + d. Let j(c) be the third derivative of c**4/6 + c**3/2 - 126*c**2 + 2*c + 4. Give j(s).
-13
Let a(l) = l**3 - 6*l**2 - 16*l + 12. Suppose -30 + 576 = 26*z. Let d = z - 13. What is a(d)?
12
Suppose -15 - 3 = -3*f. Let t(j) = -7*j**3 - 3*j**2 + 2*j - 11. Let x(p) = 3*p**3 + 2*p**2 - p + 5. Let l(d) = -4*t(d) - 9*x(d). Calculate l(f).
5
Let i(a) be the first derivative of 43*a**2 + 598*a - 2765. Give i(-7).
-4
Let s(v) be the third derivative of v**4/12 - 67*v**3/6 + 55*v**2. Calculate s(32).
-3
Let w(d) = -d**2 - 4*d - d - 7 - d. Suppose -5*x = -2*c - 27, 231 = x + 228. Calculate w(c).
-7
Suppose 2*o + 3*x + 3 = 0, -4*o - 2*x + 49 = -7*x. Let f be (o - (-2 - -3)) + (-5)/(-5). Let u(v) = -v**2 - v**2 + 2 - v**3 + f*v + 5 - 3. What is u(-4)?
12
Let y be (((-12)/3)/12)/((-6)/(-90)). Let s(l) = -7*l**3 - 3*l**2 + 9*l. Let x(n) = -10*n**3 - 5*n**2 + 13*n. Let g(r) = y*x(r) + 7*s(r). Calculate g(-4).
8
Let g(f) be the first derivative of -10*f + 36*f - 14*f - 4 + f**2 + 59. What is g(-6)?
0
Let b = -2772 + 2773. Let z(p) = 3*p + 0*p - 4 - 5*p + 5. Determine z(b).
-1
Let k(t) be the third derivative of -7*t**5/60 + 5*t**4/24 - t**3 - 1760*t**2. Calculate k(2).
-24
Let y(d) = -7*d**3 + 3*d**2 - 2*d + 1. Let q be y(1). Let h be (-4 - -7 - q) + 4/(-1). Let w(m) = 10*m**2 + m**3 - 4*m - 2*m - 8*m + 9 + h*m. Determine w(-11).
-2
Let p(j) = 6*j**3 - 5*j**2 - 2*j + 2. Let a = -12123 - -12122. Give p(a).
-7
Let x(o) = -o + 32269 - 32280 + 4*o. Calculate x(8).
13
Let k = -21 - -15. Suppose 94 = f + 5*x, f = x + 2*x + 54. Let p(n) = 19 + 17 + n**2 + 25 - f + 6*n + 15. What is p(k)?
7
Let c(x) be the first derivative of x**2/2 + 25*x + 1371. What is c(13)?
38
Let z(d) = -d**3 + 54*d**2 - 6*d - 6. Let w(j) = -9*j**2 + 1. Let l(b) = -5*w(b) - z(b). Calculate l(8).
-15
Suppose -3*n + 2*n + 2 = 0. Suppose p - l + 9 = 2*l, -5*l = 3*p - 29. Let r(a) = -4*a**2 + 17*a + 0*a**3 - 15*a + 3*a**p. Give r(n).
12
Let x be 10/((-44)/(-385) + 6/21). Let o(i) be the first derivative of x + 2/3*i**3 - i - i**2. Give o(2).
3
Let j be -3*(-8)/12*(-7 + -1). Let t(d) = 4*d + 56. Give t(j).
-8
Suppose 54 = -3*b + 3*t, -b + 20*t - 25 = 18*t. Let c(q) = q**3 + 14*q**2 + 36*q + 25. What is c(b)?
-8
Let w(s) = s**2 - s + 4. Let q be (-2)/(1*(-3 - -2)). Let c be w(q). Let b(m) = 5*m - 3. Give b(c).
27
Let g(o) = -7*o - 2. Let k be g(-1). Let d(p) = 1. Let n(q) = 2*q + 8. Let x(j) = k*d(j) - n(j). Suppose 35 = 5*s + 5*c, -5*s + 2*c + 1 + 27 = 0. What is x(s)?
-15
Let s be 3/((-92)/(-23) - 11/2). Let v be 1/(-4 - s/(40/84)). Let r(a) be the first derivative of -a**4/4 + 4*a**3/3 + 3*a**2 - 3*a + 2. Give r(v).
2
Let j(c) = -c**3 - c - 33. Let o(p) = 2*p**3 - 2*p**2 - 3*p + 1. Let t be o(-1). What is j(t)?
-33
Let x = -51 - -63. Let l(w) = w - 26. Let d be l(x). Let b = d + 11. Let z(y) = -y**2 - 3*y + 2. Calculate z(b).
2
Let q = -8 - -13. Suppose -5*b + q*y = -50, 3*b + 0*b - 22 = y. Let i(p) = 8*p + 20*p - 2*p**2 - 31*p + 13*p - 6. Determine i(b).
-18
Let h(g) = g**3 + 6*g**2 - 3*g - 5. Let w = 4847 + -4853. What is h(w)?
13
Let u(q) = -19*q - 17. Suppose -3*g = 3 + 6 + 3. Calculate u(g).
59
Let v(j) be the first derivative of 12 - 1/6*j**3 + 1/2*j**2 + 1/4*j**4 + 7*j. Let u(n) be the first derivative of v(n). Calculate u(1).
3
Let t be 26/22 + 6/(-33). Suppose 5*m + t + 14 = 0. Let w(h) = 45*h**2 + 25*h + 12. Let r(z) = 16*z**2 + 9*z + 4. Let j(g) = -17*r(g) + 6*w(g). Determine j(m).
-5
Let v be (-4)/2 - -1 - 4. Let q(b) = 13*b + 1. Let i(j) = -2 + 5 + 3 - 5 + 2*j. Let t(w) = -6*i(w) + q(w). Give t(v).
-10
Let i(u) be the third derivative of -29*u**9/60480 + u**8/10080 - u**6/720 + 2*u**5 + 34*u**2. Let k(j) be the third derivative of i(j). What is k(1)?
-28
Let o = -578 + 580. Let u(l) = 4*l**2 + l. Let y be u(-1). Suppose 0 = -y*c + 4*c + o. Let r(v) = -v**2 + 4*v + 3. Calculate r(c).
-9
Let p be ((-6)/7)/(1/7). Let d(c) = 15*c + 48. Let r(m) = 16*m + 52. Let t(y) = 15*d(y) - 14*r(y). Determine t(p).
-14
Let b(i) be the second derivative of 5*i**4/4 - i**3/3 - 2*i - 1. Let c(v) = 2*v**2. Let x(n) = -b(n) + 5*c(n). What is x(2)?
-16
Let p(c) = -c**3 + 9*c**2 + 20*c + 13. Let u be p(7). Let w(q) = q + 3*q**3 + u + 0*q**3 - 6*q**2 - 2*q**3 - 250. Determine w(6).
7
Let w = 51 + -38. Suppose -8 = -w*m + 11*m. Let c(g) = -g**2 + 4*g**3 - 6 + 4*g**2 + m. What is c(-2)?
-22
Let u(k) = k**2 + 46*k + 309. Let g be u(-38). Let t(c) = -7*c + 47. Determine t(g).
12
Let n be (-18)/(-21)*-1 - (-2706)/(-861). Let j(i) = -20*i**2 - 76*i + 15. Calculate j(n).
-1
Let c(y) = 29*y - 3*y - 6 - 4*y - 14*y - 9*y. Let z be 4/14 - 324/(-42). What is c(z)?
-14
Let i(g) be the first derivative of g**4/4 - 16*g**3/3 + 5*g**2/2 - 85*g - 2232. Give i(16).
-5
Let l(k) = -12*k**2 - 2*k + 2. Let p(i) = -49*i**2 + 2*i - 28. Let v(q) = -4*l(q) + p(q). What is v(6)?
-12
Let f(a) = -a**3 + 2*a**2 + 3*a - 1. Let c(y) = 0*y**2 + 3 - 103*y + y**2 + 94*y. Suppose -6*m + 39 = -15. Let g be c(m). Give f(g).
-1
Suppose 0 = 224*h - 231*h + 14. Let y(a) = 3*a**2 + h*a**2 + 2*a + 684 - 684 - a**3. Calculate y(5).
10
Let g = -18 + 20. Let r(v) = -2 - v**g + v - 4*v + 5. Suppose -56*c + 10 = -51*c. What is r(c)?
-7
Suppose 8*d = -11*d + 133. Let p(v) = -1 - 9 - 3*v + 0 + d. What is p(3)?
-12
Let w(f) = 3*f**3 + f**2 + f + 2. Let k = -250 + 357. Let t = 105 - k. What is w(t)?
-20
Let r(b) = 272*b - 53. Let x(v) = 55*v + 1. Let y(g) = r(g) - 5*x(g). Calculate y(-15).
-13
Suppose c - 2*c = 13. Let s(b) be the first derivative of b**3/3 + 13*b**2/2 - 3*b + 164482. Give s(c).
-3
Let n(w) = 9*w**3 + 2*w**2 - w + 1. Suppose 3*g - o - 145 + 138 = 0, -g + 13 = -3*o. Give n(g).
11
Suppose -4*j - 9 + 33 = 4*p, -2*j + 21 = 3*p. Let t(y) = -9 + 1 - p*y + 4 - 9*y**2 - y**3. Calculate t(-8).
4
Let f(p) = -61*p**2 - 10*p + 17. Let v(i) = 33*i**2 + 5*i - 8. Let z(m) = 4*f(m) + 9*v(m). Give z(1).
54
Let s = -20 - -19. Let c(r) = 2*r + 5 - 8 + 6 + 4 - 4*r**3 - 6 + 2*r**2. Give c(s).
5
Let d(n) = -n + 2624 - 5*n**2 + 2*n - 2629 + 4*n**2 + 7*n. Calculate d(8).
-5
Let g(u) = 8*u + 1. Let i(w) = -31*w - 6. Let l(z) = -6*g(z) - 2*i(z). Calculate l(-11).
-148
Suppose 4*s = 5*q + 6, -4*s + 3*q - 6 = -16. Let k = -102 - -147. Suppose -s*t + 13 - k = 0. Let w(p) = -p - 4. Determine w(t).
4
Let b = 12197 + -12193. Let k(j) be the first derivative of -j**4/4 + j**3 + 7*j**2/2 - 5*j + 1. What is k(b)?
7
Suppose -10 = -2*x, -s - 4*x + 270 = 4*s. Suppose 6*p - 14 + s = 0. Let w(c) = -2*c**2 - 6*c + 7. Calculate w(p).
-29
Suppose 0 = o + 5*h - 35, -5*o + 3*h + h = 28. Let k(c) be the third derivative of 0*c - 5/6*c**3 + 7/24*c**4 + o - 1/60*c**5 - 2*c**2. Give k(6).
1
Let k(u) = 3*u**2 + 4*u + 4. Let i be k(-4). Let m(n) = 70*n + 1053. Let b be m(-15). Let d(c) = -c**2 + 8*c - 6 + i*c**b + 7*c**2 - 37*c**3. Calculate d(7).
1
Suppose -26 = -f + 5*b, -4*f - 5*b + 2*b + 81 = 0. Suppose 0 = 2*w - 2*n + n - f, 0 = -w - n + 3. Let o(v) = 2*v - 6. Calculate o(w).
10
Suppose -90 = -c - 88. Suppose 4*f - 8 = -0. Let u(t)